4.
2, 127
List the prime factors of 815.
5, 163
List the prime factors of 27304.
2, 3413
What are the prime factors of 32985?
3, 5, 733
List the prime factors of 7357.
7, 1051
What are the prime factors of 7608?
2, 3, 317
List the prime factors of 8862.
2, 3, 7, 211
List the prime factors of 10946.
2, 13, 421
List the prime factors of 34017.
3, 17, 23, 29
What are the prime factors of 11632?
2, 727
List the prime factors of 81038.
2, 40519
List the prime factors of 2224.
2, 139
List the prime factors of 51782.
2, 17, 1523
What are the prime factors of 783?
3, 29
List the prime factors of 5767.
73, 79
What are the prime factors of 1778?
2, 7, 127
List the prime factors of 72036.
2, 3, 23, 29
What are the prime factors of 15591?
3, 5197
What are the prime factors of 804?
2, 3, 67
What are the prime factors of 28723?
28723
What are the prime factors of 57341?
17, 3373
What are the prime factors of 5076?
2, 3, 47
List the prime factors of 32839.
32839
What are the prime factors of 3685?
5, 11, 67
List the prime factors of 58928.
2, 29, 127
What are the prime factors of 1102?
2, 19, 29
List the prime factors of 1281.
3, 7, 61
What are the prime factors of 3633?
3, 7, 173
What are the prime factors of 27030?
2, 3, 5, 17, 53
What are the prime factors of 69633?
3, 2579
List the prime factors of 3460.
2, 5, 173
List the prime factors of 950.
2, 5, 19
What are the prime factors of 71591?
13, 5507
What are the prime factors of 566?
2, 283
What are the prime factors of 114460?
2, 5, 59, 97
What are the prime factors of 1812?
2, 3, 151
List the prime factors of 64331.
23, 2797
List the prime factors of 136792.
2, 17099
What are the prime factors of 657?
3, 73
List the prime factors of 22456.
2, 7, 401
What are the prime factors of 7909?
11, 719
List the prime factors of 54194.
2, 7, 79
What are the prime factors of 17465?
5, 7, 499
List the prime factors of 58537.
58537
List the prime factors of 331.
331
List the prime factors of 568.
2, 71
What are the prime factors of 166787?
17, 9811
What are the prime factors of 115393?
257, 449
List the prime factors of 4764.
2, 3, 397
What are the prime factors of 6331?
13, 487
List the prime factors of 11530.
2, 5, 1153
List the prime factors of 61754.
2, 7, 11, 401
List the prime factors of 53570.
2, 5, 11, 487
List the prime factors of 45497.
45497
List the prime factors of 49411.
49411
What are the prime factors of 9308?
2, 13, 179
What are the prime factors of 32056?
2, 4007
List the prime factors of 1088.
2, 17
What are the prime factors of 8083?
59, 137
What are the prime factors of 200?
2, 5
What are the prime factors of 99270?
2, 3, 5, 1103
List the prime factors of 37025.
5, 1481
List the prime factors of 150724.
2, 7, 769
What are the prime factors of 7233?
3, 2411
What are the prime factors of 2012?
2, 503
What are the prime factors of 35?
5, 7
List the prime factors of 7869.
3, 43, 61
What are the prime factors of 536?
2, 67
List the prime factors of 14096.
2, 881
What are the prime factors of 21360?
2, 3, 5, 89
List the prime factors of 2389.
2389
What are the prime factors of 39967?
17, 2351
List the prime factors of 109620.
2, 3, 5, 7, 29
What are the prime factors of 1772?
2, 443
List the prime factors of 17125.
5, 137
List the prime factors of 12200.
2, 5, 61
List the prime factors of 2761.
11, 251
List the prime factors of 5769.
3, 641
List the prime factors of 217.
7, 31
List the prime factors of 3597.
3, 11, 109
What are the prime factors of 310?
2, 5, 31
List the prime factors of 980.
2, 5, 7
List the prime factors of 46636.
2, 89, 131
List the prime factors of 55524.
2, 3, 7, 661
List the prime factors of 2551.
2551
List the prime factors of 16212.
2, 3, 7, 193
List the prime factors of 413.
7, 59
List the prime factors of 1717.
17, 101
What are the prime factors of 536?
2, 67
What are the prime factors of 505?
5, 101
List the prime factors of 943.
23, 41
What are the prime factors of 16190?
2, 5, 1619
List the prime factors of 1010.
2, 5, 101
What are the prime factors of 1438?
2, 719
What are the prime factors of 458?
2, 229
List the prime factors of 107743.
163, 661
What are the prime factors of 1415?
5, 283
What are the prime factors of 30714?
2, 3, 5119
List the prime factors of 3457.
3457
List the prime factors of 5177.
31, 167
List the prime factors of 678.
2, 3, 113
What are the prime factors of 3199?
7, 457
What are the prime factors of 467?
467
List the prime factors of 241.
241
List the prime factors of 155134.
2, 7, 1583
What are the prime factors of 41539?
41539
List the prime factors of 43145.
5, 8629
What are the prime factors of 651?
3, 7, 31
List the prime factors of 1783.
1783
What are the prime factors of 56760?
2, 3, 5, 11, 43
List the prime factors of 61050.
2, 3, 5, 11, 37
What are the prime factors of 5060?
2, 5, 11, 23
What are the prime factors of 1688?
2, 211
List the prime factors of 822.
2, 3, 137
List the prime factors of 7346.
2, 3673
What are the prime factors of 1981?
7, 283
List the prime factors of 28386.
2, 3, 19, 83
List the prime factors of 156.
2, 3, 13
List the prime factors of 63558.
2, 3, 11, 107
List the prime factors of 38689.
7, 5527
List the prime factors of 5669.
5669
What are the prime factors of 2508?
2, 3, 11, 19
What are the prime factors of 242?
2, 11
List the prime factors of 6312.
2, 3, 263
List the prime factors of 6198.
2, 3, 1033
What are the prime factors of 2464?
2, 7, 11
List the prime factors of 13569.
3, 4523
What are the prime factors of 42798?
2, 3, 7, 1019
List the prime factors of 53696.
2, 839
What are the prime factors of 23567?
23567
What are the prime factors of 5294?
2, 2647
List the prime factors of 10664.
2, 31, 43
List the prime factors of 12015.
3, 5, 89
What are the prime factors of 3733?
3733
What are the prime factors of 4590?
2, 3, 5, 17
What are the prime factors of 4378?
2, 11, 199
What are the prime factors of 3709?
3709
List the prime factors of 935.
5, 11, 17
What are the prime factors of 552?
2, 3, 23
List the prime factors of 372.
2, 3, 31
List the prime factors of 5069.
37, 137
What are the prime factors of 1471?
1471
What are the prime factors of 1322?
2, 661
What are the prime factors of 247?
13, 19
What are the prime factors of 1026?
2, 3, 19
What are the prime factors of 872?
2, 109
List the prime factors of 24904.
2, 11, 283
List the prime factors of 95567.
227, 421
What are the prime factors of 6045?
3, 5, 13, 31
List the prime factors of 48983.
11, 61, 73
List the prime factors of 27127.
27127
What are the prime factors of 78181?
37, 2113
List the prime factors of 14787.
3, 31, 53
List the prime factors of 5922.
2, 3, 7, 47
List the prime factors of 8567.
13, 659
List the prime factors of 20033.
13, 23, 67
What are the prime factors of 22866?
2, 3, 37, 103
What are the prime factors of 57702?
2, 3, 59, 163
What are the prime factors of 32628?
2, 3, 2719
What are the prime factors of 925?
5, 37
List the prime factors of 112647.
3, 37549
List the prime factors of 270.
2, 3, 5
What are the prime factors of 7166?
2, 3583
What are the prime factors of 4512?
2, 3, 47
What are the prime factors of 70067?
70067
What are the prime factors of 858?
2, 3, 11, 13
What are the prime factors of 16468?
2, 23, 179
List the prime factors of 523.
523
What are the prime factors of 14820?
2, 3, 5, 13, 19
What are the prime factors of 719?
719
What are the prime factors of 24009?
3, 53, 151
What are the prime factors of 1945?
5, 389
What are the prime factors of 520?
2, 5, 13
List the prime factors of 19229.
7, 41, 67
What are the prime factors of 1976?
2, 13, 19
List the prime factors of 1050.
2, 3, 5, 7
What are the prime factors of 1816?
2, 227
List the prime factors of 1317.
3, 439
List the prime factors of 1273.
19, 67
List the prime factors of 42627.
3, 13, 1093
List the prime factors of 2307.
3, 769
What are the prime factors of 79257?
3, 29, 911
List the prime factors of 3552.
2, 3, 37
What are the prime factors of 678?
2, 3, 113
List the prime factors of 684.
2, 3, 19
List the prime factors of 1146.
2, 3, 191
What are the prime factors of 991?
991
List the prime factors of 5428.
2, 23, 59
List the prime factors of 93693.
3, 31231
List the prime factors of 3254.
2, 1627
List the prime factors of 15973.
15973
Li